lculate the greatest common divisor of 1819 and y.
107
Suppose c = 95 + 70. Suppose 4*z = -z + c. Suppose -2*r + 23 = -z. Calculate the greatest common divisor of r and 4.
4
Let t(l) = -l**2 - 12*l + 3. Let h = 38 + -49. Let p be t(h). What is the greatest common factor of 70 and p?
14
Let k(b) = -5*b**2 + 106*b + 2. Let y be k(14). Calculate the highest common factor of 110 and y.
22
Suppose -6779 = -20*c + 361. Calculate the highest common factor of c and 51.
51
Let d(t) = 2*t**2 + 12*t + 15. Let q be d(-11). Suppose 7*c - 2*c = q. Calculate the greatest common divisor of c and 100.
25
Let q = 110 + -96. Suppose -22 = q*x - 106. What is the greatest common factor of 150 and x?
6
Suppose -4*r + 0*r = 3*p - 32, -2*p + 23 = 3*r. Suppose -5*o = 2*s + 142, -s = 4*o + 25 + 52. Let f = s + 101. What is the greatest common factor of r and f?
5
Let d = -50 + 52. What is the greatest common factor of 98 and d?
2
Let c = -25 - -37. Let j be 1 + 38/7 - (-714)/(-1666). What is the greatest common divisor of c and j?
6
Let l = -60 + 91. What is the greatest common divisor of 31 and l?
31
Suppose -92*f - 18 = -93*f. Calculate the greatest common factor of 27 and f.
9
Let t = 64 - -314. Suppose -x - t = -2*y + x, x = 1. Calculate the highest common divisor of y and 19.
19
Suppose 0 = 15*q - 287 - 133. What is the highest common divisor of 70 and q?
14
Let h = 578 - 518. Calculate the highest common factor of 40 and h.
20
Let t be 52*((-54 + 5)/(-7) - -3). Calculate the highest common divisor of 624 and t.
104
Let g(a) = 3*a**2 + 2*a - 59. Let l be g(-5). Suppose 0 = 2*h - 2*z - z, 4*h = -z + 28. What is the greatest common factor of h and l?
6
Suppose 13*q - 478 = 68. What is the highest common factor of q and 6?
6
Let y(s) = -s**3 - 18*s**2 + 14*s - 63. Let n be y(-19). Calculate the greatest common divisor of 24 and n.
8
Let q be ((-2)/5)/((-64)/89600). Calculate the greatest common factor of 210 and q.
70
Suppose -10*w = -6*w - 12. Suppose -9*q = -51 - w. Calculate the highest common divisor of q and 9.
3
Let r be (0 - 577/(-4)) + (-1)/4. Suppose 5*w = 20 + 25. Let g be 8/(-36) + 146/w. What is the highest common divisor of g and r?
16
Let h be 10 + (-16)/4 + 8. Calculate the greatest common factor of 28 and h.
14
Let u = 545 + -454. What is the highest common factor of 1001 and u?
91
Suppose -2*f - 22 = -3*i, 0 = 4*i + f - 2*f - 21. What is the highest common divisor of 72 and i?
4
Let h be (12/21)/(3/63). Suppose 0 = 3*s - 41 - 10. Let a = s - h. Calculate the greatest common factor of a and 25.
5
Let p be ((-6372)/(-10))/(369/1230). What is the highest common factor of p and 12?
12
Suppose 6*o - 133 - 3155 = 0. Calculate the greatest common divisor of o and 4.
4
Suppose -9*d = -170 - 2107. Calculate the greatest common factor of d and 11.
11
Let s be 126*(-5)/(-20)*-2. Let y = s - -80. What is the greatest common factor of 153 and y?
17
Let v = 68 - 64. Suppose -32 + 96 = v*o. Calculate the greatest common divisor of o and 4.
4
Let x be (9/(-3) + 0)/(-1). Suppose -x*a + 4*f - 7 = -99, -5*a - 5*f = -95. Let d be a/8 - 3/(-1). Calculate the greatest common divisor of 6 and d.
6
Let g = -486 + 621. Calculate the highest common factor of g and 117.
9
Suppose 0 = -3*z + 53 + 37. Suppose 3*q - 2*q - 2*g - 48 = 0, 3*q = 3*g + 147. Calculate the greatest common divisor of z and q.
10
Let s be ((-3)/30 + 4/(-10))*-10. Suppose p - 4*p = -s*z - 43, -p = -3*z - 21. Calculate the greatest common divisor of 6 and p.
6
Let v be (2/6)/((-25)/(-3525)). Let p = v - 11. What is the highest common divisor of p and 4?
4
Let r = 134 - 134. Suppose 0 = -f - 2*w + 46, -2*f = 2*w - r*w - 94. What is the greatest common factor of f and 336?
48
Let v be 2/((4 + 1)/10). Suppose q - 18 = -10*z + 8*z, 42 = 2*q - 2*z. Calculate the highest common divisor of v and q.
4
Let y(s) = -3*s + 1. Let o be y(-8). Let u(i) = i**2 - 7*i + 275. Let j be u(0). Calculate the highest common divisor of o and j.
25
Let c be (-3)/(-5) + (96/(-30))/(-8). Suppose 0*y = -2*y + 16. What is the highest common divisor of y and c?
1
Suppose 6*x - 37 + 13 = 0. Calculate the greatest common factor of x and 28.
4
Let f = -8 - -6. Let b be 3/f*(2 + 0). Let a = b - -33. Calculate the greatest common factor of a and 3.
3
Let o(n) = -43*n + 79. Let y be o(-3). Calculate the highest common divisor of 130 and y.
26
Let r be (50/3)/((-1)/(-3)). Let m be 0 + (8 - 10)/((-2)/10). Calculate the highest common divisor of m and r.
10
Let u be ((-66)/(-6) + 21)*(-1)/(-4). Suppose 2*j - 6 = -j. Calculate the greatest common factor of j and u.
2
Let c = -8 - -6. Let t be (-1688)/24 + c/(-6). Let z be 3*6/(-9) - t. What is the greatest common divisor of z and 17?
17
Let u(b) = -3*b - 15. Let c(o) = 2*o + 16. Let n be c(-11). Let s be u(n). Calculate the highest common divisor of 2 and s.
1
Let x be (-2 + (-7)/(-3))*165. Let i = x + -27. Let k be (-1 + (-219)/(-9))*3. What is the highest common factor of i and k?
14
Suppose 4*x + 18 = 5*h, 3 + 9 = 2*h - 4*x. Suppose -1 = h*d - d. Let q be 8/2 + (d - -2). What is the greatest common factor of 25 and q?
5
Suppose -2*x + 3*k = -18 - 3, 5*k - 45 = -2*x. Calculate the highest common divisor of 15 and x.
15
Suppose 4*x - 4*t - 36 = 0, 0 = -5*x - 4*t - 5 + 50. What is the greatest common factor of x and 3?
3
Let g be ((-1)/(-1))/((-1)/(-2)). Let k be (g/(-8))/(3/(-324)). Calculate the highest common divisor of k and 36.
9
Let u = -34 + 23. Let s = 4 - u. What is the highest common divisor of s and 135?
15
Suppose -18 = -8*h + 5*h. Suppose 3*d = d - 5*g - h, -5*d + 23 = 3*g. Calculate the greatest common factor of 49 and d.
7
Suppose 0 = 3*y + 6, -2*u - 5*y = -80 - 14. What is the greatest common factor of 4 and u?
4
Let j(h) = -158*h**2 - 2*h + 1. Let r be j(1). Let l = -277 - r. Let m = -68 - l. What is the highest common divisor of m and 10?
10
Suppose 73 = -3*m + 2*f, 5*m + 5 = 3*f - 117. Let o be (1 - -2) + m + 0. Let t = o - -24. What is the highest common factor of 4 and t?
2
Let u be (-2)/((-1)/3*2). Suppose -6*b + 2*b - 168 = 0. Let c be 80/u*b/(-35). What is the greatest common factor of 4 and c?
4
Suppose 0 = 3*o - 5*m - 390, 3*o - 5*m = 2*o + 130. Let y = -119 - -129. What is the greatest common divisor of y and o?
10
Let l = 121 - 12. Let o = -79 + l. What is the greatest common factor of o and 210?
30
Suppose -28*n - 300 = -32*n. Suppose -3*m = 2*m, 0 = 5*t - 3*m - n. What is the greatest common factor of 75 and t?
15
Let o = -32 + 66. Suppose z = 2*z - o. Let m = 261 - 159. What is the highest common divisor of z and m?
34
Let k be (-3)/(-12) - 22/(-8). Suppose -18 = k*r - r. Let g be (-3)/r + (-177)/(-9). What is the highest common divisor of g and 5?
5
Suppose -51*l + 20113 = -48227. Calculate the greatest common factor of l and 20.
20
Let u(n) = -10*n + 3. Let p be u(-3). Let k(f) = 34*f**3 - 3*f**2 + 2*f. Let r be k(1). Calculate the highest common divisor of p and r.
33
Let l = -888 + 905. Let p be 1 + (-1)/(1/(-33)). What is the highest common divisor of p and l?
17
Let y = 381 + -331. What is the highest common divisor of y and 350?
50
Let a(t) = 5 - 2*t**3 - 5*t**3 + 6*t**3 + 9*t + 0*t**3. Let s be a(-3). Calculate the greatest common divisor of 1 and s.
1
Suppose -g = 4*g - 25. Let z be (-283)/(-3) - (-1)/(-3). Suppose -g*j + z = -81. Calculate the greatest common divisor of j and 14.
7
Let o be (-4088)/(-72) - 4/(-18). Suppose -o = -2*t - t. What is the highest common divisor of 76 and t?
19
Suppose -16 = -5*x + 4. Suppose -4*r - 4*o = -104, -o + 26 = r - x*o. What is the greatest common factor of r and 78?
26
Let u be ((-54)/(-54))/(1 + 0). Calculate the highest common divisor of 16 and u.
1
Let u be 2/6 + (-104)/(-39). What is the highest common divisor of u and 15?
3
Suppose -13*c - 437 = -2465. Let j be 155/4 + 1/4. What is the highest common factor of j and c?
39
Let z = -27 - -45. Suppose -2*x + 183 = -0*x + o, -x + 5*o = -75. What is the greatest common divisor of x and z?
18
Suppose 2*g + 16 = 2*d - 12, 72 = 5*d - 4*g. Suppose d = 2*r + 4*q, 6 = r + q + 3*q. What is the greatest common divisor of r and 4?
2
Let d = 20 - 8. Suppose 0 = -3*z - 16 + 7. Let j be d/z + 15 + 1. What is the greatest common divisor of j and 36?
12
Let j be 300*-10*4/(-24)